{"id":4049,"date":"2022-10-22T00:39:03","date_gmt":"2022-10-22T05:39:03","guid":{"rendered":"https:\/\/laudenlaw.com\/?page_id=4049"},"modified":"2024-06-24T16:54:35","modified_gmt":"2024-06-24T21:54:35","slug":"alice-gralhien","status":"publish","type":"page","link":"https:\/\/laudenlaw.com\/en\/people\/alice-gralhien\/","title":{"rendered":"Alice Gralhien"},"content":{"rendered":"<div class=\"wpb-content-wrapper\"><p>[vc_row el_class=&#8221;page_head&#8221;][vc_column][vc_row_inner el_class=&#8221;main&#8221;][vc_column_inner][vc_custom_heading text=&#8221;Professionals&#8221; font_container=&#8221;tag:h1|text_align:center|color:%23ffffff&#8221; use_theme_fonts=&#8221;yes&#8221;][\/vc_column_inner][\/vc_row_inner][vc_raw_html]JTVCQnJlYWRjcnVtYiU1RA==[\/vc_raw_html][\/vc_column][\/vc_row][vc_row el_class=&#8221;main&#8221; css=&#8221;.vc_custom_1526257036926{padding-top: 30px !important;padding-bottom: 30px !important;}&#8221;][vc_column width=&#8221;1\/4&#8243;][vc_single_image image=&#8221;4050&#8243; img_size=&#8221;full&#8221; el_class=&#8221;profile&#8221;][\/vc_column][vc_column width=&#8221;3\/4&#8243;][vc_custom_heading text=&#8221;Alice Gralhien&#8221; use_theme_fonts=&#8221;yes&#8221;][vc_row_inner][vc_column_inner width=&#8221;1\/3&#8243;][vc_single_image image=&#8221;91&#8243; img_size=&#8221;full&#8221; el_class=&#8221;ic_small&#8221;][vc_column_text]<a href=\"tel:+59322928249\">+593 229 28249<\/a>\u00a0(EC)[\/vc_column_text][\/vc_column_inner][vc_column_inner el_class=&#8221;profile_data&#8221; width=&#8221;1\/3&#8243;][vc_single_image image=&#8221;89&#8243; img_size=&#8221;full&#8221; el_class=&#8221;ic_small&#8221;][vc_column_text]<a href=\"mailto:agralhien@laudenlaw.com\">agralhien@laudenlaw.com<\/a>[\/vc_column_text][\/vc_column_inner][vc_column_inner el_class=&#8221;profile_data&#8221; width=&#8221;1\/3&#8243; offset=&#8221;vc_hidden-lg vc_hidden-md vc_hidden-sm vc_hidden-xs&#8221;][vc_single_image image=&#8221;91&#8243; img_size=&#8221;full&#8221; el_class=&#8221;ic_small&#8221;][vc_column_text]<a href=\"tel:+593982342880\">+593 9823 42880<\/a>\u00a0(EC)[\/vc_column_text][\/vc_column_inner][\/vc_row_inner][vc_column_text]Alice concentrates her practice on the protection of personal data. As a certified international<br \/>\nData Protection Officer (DPO) with extensive GDPR expertise, she has guided international<br \/>\norganizations (NGOs) as well as large and small entities in the private and public sectors<br \/>\nthrough the complexities of local law divergences to achieve global compliance and find<br \/>\npractical solutions regarding data protection issues.<\/p>\n<p>Her in-depth knowledge covers a broad range of compliance actions and practical<br \/>\nimplementations. She has developed and implemented privacy programs, establishing<br \/>\nbalance-risks evaluations and providing data protection compliance tools such as information<br \/>\nnotices, internal policies and procedures, privacy impact assessments, and data breach<br \/>\nnotification processes. Additionally, she ensures compliance with international data transfer<br \/>\nrequirements, including data transfer agreements and Binding Corporate Rules (BCRs).<br \/>\nFurthermore, she assists organizations in their response to data subject complaints and<br \/>\nrepresents them in their dealings with data protection authorities.<br \/>\nShe conducts data protection in-house training sessions and speaks at conferences.[\/vc_column_text][\/vc_column][\/vc_row][vc_row el_class=&#8221;gray_file&#8221; css=&#8221;.vc_custom_1526256555854{border-bottom-width: 30px !important;padding-top: 30px !important;}&#8221;][vc_column offset=&#8221;vc_hidden-lg vc_hidden-md vc_hidden-sm vc_hidden-xs&#8221;][vc_row_inner el_class=&#8221;main&#8221;][vc_column_inner width=&#8221;1\/4&#8243;][vc_custom_heading text=&#8221;Participaciones Relevantes&#8221; use_theme_fonts=&#8221;yes&#8221;][\/vc_column_inner][vc_column_inner width=&#8221;3\/4&#8243;][vc_column_text]Entre sus actuaciones m\u00e1s significativas destacan:<\/p>\n<ul>\n<li>Revisi\u00f3n de procesos con informes de Contralor\u00eda a nivel nacional, como funcionaria de la Fiscal\u00eda General del Estado<\/li>\n<li>Panelista en talleres relacionados con la investigaci\u00f3n de accidentes de tr\u00e1nsito.<\/li>\n<li>Panelista sobre temas relacionados con la violencia en contra de la mujer y miembros del n\u00facleo familiar.<\/li>\n<li>An\u00e1lisis y desarrollo de resoluciones jur\u00eddicas, importantes para el buen uso del espectro radioel\u00e9ctrico.<\/li>\n<\/ul>\n<p>[\/vc_column_text][\/vc_column_inner][\/vc_row_inner][\/vc_column][\/vc_row][vc_row css=&#8221;.vc_custom_1526256597147{border-bottom-width: 30px !important;padding-top: 30px !important;}&#8221;][vc_column][vc_row_inner el_class=&#8221;main&#8221;][vc_column_inner width=&#8221;1\/4&#8243;][vc_custom_heading text=&#8221;Education&#8221; use_theme_fonts=&#8221;yes&#8221;][\/vc_column_inner][vc_column_inner width=&#8221;3\/4&#8243;][vc_column_text]<\/p>\n<ul>\n<li>International Association of Privacy Professionals (IAPP), Certified Information<br \/>\nPrivacy Professional\/Europe (CIPP\/E)<\/li>\n<li>Sorbonne University (Paris 1 Panth\u00e9on-Sorbonne), Master\u2019s degree in International<br \/>\nEconomic Law<\/li>\n<li>Assas University (Paris 2 Panth\u00e9on-Assas), Master\u2019s degree in International Law<\/li>\n<li>Unistra (Universit\u00e9 de Strasbourg), European Studies and Law Degree<\/li>\n<\/ul>\n<p>[\/vc_column_text][\/vc_column_inner][\/vc_row_inner][\/vc_column][\/vc_row][vc_row el_class=&#8221;gray_file&#8221; css=&#8221;.vc_custom_1526256555854{border-bottom-width: 30px !important;padding-top: 30px !important;}&#8221;][vc_column offset=&#8221;vc_hidden-lg vc_hidden-md vc_hidden-sm vc_hidden-xs&#8221;][vc_row_inner el_class=&#8221;main&#8221;][vc_column_inner width=&#8221;1\/4&#8243;][vc_custom_heading text=&#8221;Admisiones y Calificaciones&#8221; use_theme_fonts=&#8221;yes&#8221;][\/vc_column_inner][vc_column_inner width=&#8221;3\/4&#8243;][vc_column_text]<\/p>\n<ul>\n<li>Ecuador<\/li>\n<\/ul>\n<p>[\/vc_column_text][\/vc_column_inner][\/vc_row_inner][\/vc_column][\/vc_row][vc_row css=&#8221;.vc_custom_1526256597147{border-bottom-width: 30px !important;padding-top: 30px !important;}&#8221;][vc_column][vc_row_inner el_class=&#8221;main&#8221;][vc_column_inner width=&#8221;1\/4&#8243;][vc_custom_heading text=&#8221;Languages&#8221; use_theme_fonts=&#8221;yes&#8221;][\/vc_column_inner][vc_column_inner width=&#8221;3\/4&#8243;][vc_column_text]<\/p>\n<ul>\n<li>French<\/li>\n<li>English<\/li>\n<li>German<\/li>\n<\/ul>\n<p>[\/vc_column_text][\/vc_column_inner][\/vc_row_inner][\/vc_column][\/vc_row][vc_row el_class=&#8221;gray_file&#8221; css=&#8221;.vc_custom_1526256555854{border-bottom-width: 30px !important;padding-top: 30px !important;}&#8221;][vc_column offset=&#8221;vc_hidden-lg vc_hidden-md vc_hidden-sm vc_hidden-xs&#8221;][vc_row_inner el_class=&#8221;main&#8221;][vc_column_inner width=&#8221;1\/4&#8243;][vc_custom_heading text=&#8221;Publicaciones&#8221; use_theme_fonts=&#8221;yes&#8221;][\/vc_column_inner][vc_column_inner width=&#8221;3\/4&#8243;][vc_column_text]<\/p>\n<ul>\n<li>La Ley para el Fomento Productivo fortalece el arbitraje internacional en el<br \/>\nEcuador, Revistra de arbitraje comercial y de inversiones, vol XI n\u00b03, 2018.<\/li>\n<li>Ecuador flexibiliza sus reglas de arbitraje internacional para atraer inversiones, Revista de Arbitraje de la Comunidad Iberoamericana (CIAR), octubre 2018.<\/li>\n<li>Derecho Internacional Privado, Cap\u00edtulo Ecuador, con A. Galindo, 2018.<\/li>\n<li>Arbitraje internacional en el Ecuador y las condiciones de arbitrabilidad, Los 20 a\u00f1os de la Ley ecuatoriana del arbitraje, ICC, con A. Galindo, 2017.<\/li>\n<li>La conformit\u00e9 de l\u2019investissement au droit national, condition de sa protection internationale, ICSID Review \u2013 Foreign Investments Law Journal, 2014.<\/li>\n<li>Cour de Cassation quashes decision that disregarded ICC rule on time limits to arbitrator challenges \u2013 2 takeaways, International Arbitration Newsletter, DLA Piper, September 2014, con M. Ostrove y M. Desplats.<\/li>\n<\/ul>\n<p>[\/vc_column_text][\/vc_column_inner][\/vc_row_inner][\/vc_column][\/vc_row][vc_row][vc_column offset=&#8221;vc_hidden-lg vc_hidden-md vc_hidden-sm vc_hidden-xs&#8221;][vc_row_inner el_class=&#8221;main&#8221;][vc_column_inner width=&#8221;1\/4&#8243;][vc_custom_heading text=&#8221;Membres\u00edas&#8221; use_theme_fonts=&#8221;yes&#8221;][\/vc_column_inner][vc_column_inner width=&#8221;3\/4&#8243;][vc_column_text]<\/p>\n<ul>\n<li>International Bar Association<\/li>\n<li>American Society of International Law<\/li>\n<li>Institute for Transnational Arbitration<\/li>\n<li>American Bar Association<\/li>\n<li>Foro del Arbitraje Ecuador www.arbitrajeecuador.com<\/li>\n<\/ul>\n<p>[\/vc_column_text][\/vc_column_inner][\/vc_row_inner][\/vc_column][\/vc_row]<\/p>\n<\/div>","protected":false},"excerpt":{"rendered":"<p>[vc_row el_class=&#8221;page_head&#8221;][vc_column][vc_row_inner el_class=&#8221;main&#8221;][vc_column_inner][vc_custom_heading text=&#8221;Professionals&#8221; font_container=&#8221;tag:h1|text_align:center|color:%23ffffff&#8221; use_theme_fonts=&#8221;yes&#8221;][\/vc_column_inner][\/vc_row_inner][vc_raw_html]JTVCQnJlYWRjcnVtYiU1RA==[\/vc_raw_html][\/vc_column][\/vc_row][vc_row el_class=&#8221;main&#8221; css=&#8221;.vc_custom_1526257036926{padding-top: 30px !important;padding-bottom: 30px !important;}&#8221;][vc_column width=&#8221;1\/4&#8243;][vc_single_image image=&#8221;4050&#8243; img_size=&#8221;full&#8221; el_class=&#8221;profile&#8221;][\/vc_column][vc_column width=&#8221;3\/4&#8243;][vc_custom_heading text=&#8221;Alice Gralhien&#8221; use_theme_fonts=&#8221;yes&#8221;][vc_row_inner][vc_column_inner width=&#8221;1\/3&#8243;][vc_single_image image=&#8221;91&#8243; img_size=&#8221;full&#8221; el_class=&#8221;ic_small&#8221;][vc_column_text]+593 229 28249\u00a0(EC)[\/vc_column_text][\/vc_column_inner][vc_column_inner el_class=&#8221;profile_data&#8221; width=&#8221;1\/3&#8243;][vc_single_image image=&#8221;89&#8243; img_size=&#8221;full&#8221; el_class=&#8221;ic_small&#8221;][vc_column_text]agralhien@laudenlaw.com[\/vc_column_text][\/vc_column_inner][vc_column_inner el_class=&#8221;profile_data&#8221; width=&#8221;1\/3&#8243; offset=&#8221;vc_hidden-lg vc_hidden-md vc_hidden-sm vc_hidden-xs&#8221;][vc_single_image image=&#8221;91&#8243; img_size=&#8221;full&#8221; el_class=&#8221;ic_small&#8221;][vc_column_text]+593 9823 42880\u00a0(EC)[\/vc_column_text][\/vc_column_inner][\/vc_row_inner][vc_column_text]Alice concentrates her practice on the protection of personal data. As a certified international&#8230; <a href=\"https:\/\/laudenlaw.com\/en\/people\/alice-gralhien\/\" class=\"more\">Ver m\u00e1s<\/a><\/p>\n","protected":false},"author":6,"featured_media":5187,"parent":351,"menu_order":0,"comment_status":"closed","ping_status":"closed","template":"page-composer.php","meta":{"nf_dc_page":"","content-type":"","_monsterinsights_skip_tracking":false,"_monsterinsights_sitenote_active":false,"_monsterinsights_sitenote_note":"","_monsterinsights_sitenote_category":0,"_uf_show_specific_survey":0,"_uf_disable_surveys":false,"footnotes":""},"class_list":["post-4049","page","type-page","status-publish","has-post-thumbnail","hentry"],"aioseo_notices":[],"jetpack_sharing_enabled":true,"_links":{"self":[{"href":"https:\/\/laudenlaw.com\/en\/wp-json\/wp\/v2\/pages\/4049","targetHints":{"allow":["GET"]}}],"collection":[{"href":"https:\/\/laudenlaw.com\/en\/wp-json\/wp\/v2\/pages"}],"about":[{"href":"https:\/\/laudenlaw.com\/en\/wp-json\/wp\/v2\/types\/page"}],"author":[{"embeddable":true,"href":"https:\/\/laudenlaw.com\/en\/wp-json\/wp\/v2\/users\/6"}],"replies":[{"embeddable":true,"href":"https:\/\/laudenlaw.com\/en\/wp-json\/wp\/v2\/comments?post=4049"}],"version-history":[{"count":5,"href":"https:\/\/laudenlaw.com\/en\/wp-json\/wp\/v2\/pages\/4049\/revisions"}],"predecessor-version":[{"id":5398,"href":"https:\/\/laudenlaw.com\/en\/wp-json\/wp\/v2\/pages\/4049\/revisions\/5398"}],"up":[{"embeddable":true,"href":"https:\/\/laudenlaw.com\/en\/wp-json\/wp\/v2\/pages\/351"}],"wp:featuredmedia":[{"embeddable":true,"href":"https:\/\/laudenlaw.com\/en\/wp-json\/wp\/v2\/media\/5187"}],"wp:attachment":[{"href":"https:\/\/laudenlaw.com\/en\/wp-json\/wp\/v2\/media?parent=4049"}],"curies":[{"name":"wp","href":"https:\/\/api.w.org\/{rel}","templated":true}]}}

<div class="wpb-content-wrapper"><p>[vc_row el_class=&#8221;page_head&#8221;][vc_column][vc_row_inner el_class=&#8221;main&#8221;][vc_column_inner][vc_custom_heading text=&#8221;Professionals&#8221; font_container=&#8221;tag:h1|text_align:center|color:%23ffffff&#8221; use_theme_fonts=&#8221;yes&#8221;][/vc_column_inner][/vc_row_inner][vc_raw_html]JTVCQnJlYWRjcnVtYiU1RA==[/vc_raw_html][/vc_column][/vc_row][vc_row el_class=&#8221;main&#8221; css=&#8221;.vc_custom_1526257036926{padding-top: 30px !important;padding-bottom: 30px !important;}&#8221;][vc_column width=&#8221;1/4&#8243;][vc_single_image image=&#8221;4050&#8243; img_size=&#8221;full&#8221; el_class=&#8221;profile&#8221;][/vc_column][vc_column width=&#8221;3/4&#8243;][vc_custom_heading text=&#8221;Alice Gralhien&#8221; use_theme_fonts=&#8221;yes&#8221;][vc_row_inner][vc_column_inner width=&#8221;1/3&#8243;][vc_single_image image=&#8221;91&#8243; img_size=&#8221;full&#8221; el_class=&#8221;ic_small&#8221;][vc_column_text]<a href="tel:+59322928249">+593 229 28249</a> (EC)[/vc_column_text][/vc_column_inner][vc_column_inner el_class=&#8221;profile_data&#8221; width=&#8221;1/3&#8243;][vc_single_image image=&#8221;89&#8243; img_size=&#8221;full&#8221; el_class=&#8221;ic_small&#8221;][vc_column_text]<a href="mailto:agralhien@laudenlaw.com">agralhien@laudenlaw.com</a>[/vc_column_text][/vc_column_inner][vc_column_inner el_class=&#8221;profile_data&#8221; width=&#8221;1/3&#8243; offset=&#8221;vc_hidden-lg vc_hidden-md vc_hidden-sm vc_hidden-xs&#8221;][vc_single_image image=&#8221;91&#8243; img_size=&#8221;full&#8221; el_class=&#8221;ic_small&#8221;][vc_column_text]<a href="tel:+593982342880">+593 9823 42880</a> (EC)[/vc_column_text][/vc_column_inner][/vc_row_inner][vc_column_text]Alice concentrates her practice on the protection of personal data. As a certified international<br />
Data Protection Officer (DPO) with extensive GDPR expertise, she has guided international<br />
organizations (NGOs) as well as large and small entities in the private and public sectors<br />
through the complexities of local law divergences to achieve global compliance and find<br />
practical solutions regarding data protection issues.</p>
<p>Her in-depth knowledge covers a broad range of compliance actions and practical<br />
implementations. She has developed and implemented privacy programs, establishing<br />
balance-risks evaluations and providing data protection compliance tools such as information<br />
notices, internal policies and procedures, privacy impact assessments, and data breach<br />
notification processes. Additionally, she ensures compliance with international data transfer<br />
requirements, including data transfer agreements and Binding Corporate Rules (BCRs).<br />
Furthermore, she assists organizations in their response to data subject complaints and<br />
represents them in their dealings with data protection authorities.<br />
She conducts data protection in-house training sessions and speaks at conferences.[/vc_column_text][/vc_column][/vc_row][vc_row el_class=&#8221;gray_file&#8221; css=&#8221;.vc_custom_1526256555854{border-bottom-width: 30px !important;padding-top: 30px !important;}&#8221;][vc_column offset=&#8221;vc_hidden-lg vc_hidden-md vc_hidden-sm vc_hidden-xs&#8221;][vc_row_inner el_class=&#8221;main&#8221;][vc_column_inner width=&#8221;1/4&#8243;][vc_custom_heading text=&#8221;Participaciones Relevantes&#8221; use_theme_fonts=&#8221;yes&#8221;][/vc_column_inner][vc_column_inner width=&#8221;3/4&#8243;][vc_column_text]Entre sus actuaciones más significativas destacan:</p>
<ul>
<li>Revisión de procesos con informes de Contraloría a nivel nacional, como funcionaria de la Fiscalía General del Estado</li>
<li>Panelista en talleres relacionados con la investigación de accidentes de tránsito.</li>
<li>Panelista sobre temas relacionados con la violencia en contra de la mujer y miembros del núcleo familiar.</li>
<li>Análisis y desarrollo de resoluciones jurídicas, importantes para el buen uso del espectro radioeléctrico.</li>
</ul>
<p>[/vc_column_text][/vc_column_inner][/vc_row_inner][/vc_column][/vc_row][vc_row css=&#8221;.vc_custom_1526256597147{border-bottom-width: 30px !important;padding-top: 30px !important;}&#8221;][vc_column][vc_row_inner el_class=&#8221;main&#8221;][vc_column_inner width=&#8221;1/4&#8243;][vc_custom_heading text=&#8221;Education&#8221; use_theme_fonts=&#8221;yes&#8221;][/vc_column_inner][vc_column_inner width=&#8221;3/4&#8243;][vc_column_text]</p>
<ul>
<li>International Association of Privacy Professionals (IAPP), Certified Information<br />
Privacy Professional/Europe (CIPP/E)</li>
<li>Sorbonne University (Paris 1 Panthéon-Sorbonne), Master’s degree in International<br />
Economic Law</li>
<li>Assas University (Paris 2 Panthéon-Assas), Master’s degree in International Law</li>
<li>Unistra (Université de Strasbourg), European Studies and Law Degree</li>
</ul>
<p>[/vc_column_text][/vc_column_inner][/vc_row_inner][/vc_column][/vc_row][vc_row el_class=&#8221;gray_file&#8221; css=&#8221;.vc_custom_1526256555854{border-bottom-width: 30px !important;padding-top: 30px !important;}&#8221;][vc_column offset=&#8221;vc_hidden-lg vc_hidden-md vc_hidden-sm vc_hidden-xs&#8221;][vc_row_inner el_class=&#8221;main&#8221;][vc_column_inner width=&#8221;1/4&#8243;][vc_custom_heading text=&#8221;Admisiones y Calificaciones&#8221; use_theme_fonts=&#8221;yes&#8221;][/vc_column_inner][vc_column_inner width=&#8221;3/4&#8243;][vc_column_text]</p>
<ul>
<li>Ecuador</li>
</ul>
<p>[/vc_column_text][/vc_column_inner][/vc_row_inner][/vc_column][/vc_row][vc_row css=&#8221;.vc_custom_1526256597147{border-bottom-width: 30px !important;padding-top: 30px !important;}&#8221;][vc_column][vc_row_inner el_class=&#8221;main&#8221;][vc_column_inner width=&#8221;1/4&#8243;][vc_custom_heading text=&#8221;Languages&#8221; use_theme_fonts=&#8221;yes&#8221;][/vc_column_inner][vc_column_inner width=&#8221;3/4&#8243;][vc_column_text]</p>
<ul>
<li>French</li>
<li>English</li>
<li>German</li>
</ul>
<p>[/vc_column_text][/vc_column_inner][/vc_row_inner][/vc_column][/vc_row][vc_row el_class=&#8221;gray_file&#8221; css=&#8221;.vc_custom_1526256555854{border-bottom-width: 30px !important;padding-top: 30px !important;}&#8221;][vc_column offset=&#8221;vc_hidden-lg vc_hidden-md vc_hidden-sm vc_hidden-xs&#8221;][vc_row_inner el_class=&#8221;main&#8221;][vc_column_inner width=&#8221;1/4&#8243;][vc_custom_heading text=&#8221;Publicaciones&#8221; use_theme_fonts=&#8221;yes&#8221;][/vc_column_inner][vc_column_inner width=&#8221;3/4&#8243;][vc_column_text]</p>
<ul>
<li>La Ley para el Fomento Productivo fortalece el arbitraje internacional en el<br />
Ecuador, Revistra de arbitraje comercial y de inversiones, vol XI n°3, 2018.</li>
<li>Ecuador flexibiliza sus reglas de arbitraje internacional para atraer inversiones, Revista de Arbitraje de la Comunidad Iberoamericana (CIAR), octubre 2018.</li>
<li>Derecho Internacional Privado, Capítulo Ecuador, con A. Galindo, 2018.</li>
<li>Arbitraje internacional en el Ecuador y las condiciones de arbitrabilidad, Los 20 años de la Ley ecuatoriana del arbitraje, ICC, con A. Galindo, 2017.</li>
<li>La conformité de l’investissement au droit national, condition de sa protection internationale, ICSID Review – Foreign Investments Law Journal, 2014.</li>
<li>Cour de Cassation quashes decision that disregarded ICC rule on time limits to arbitrator challenges – 2 takeaways, International Arbitration Newsletter, DLA Piper, September 2014, con M. Ostrove y M. Desplats.</li>
</ul>
<p>[/vc_column_text][/vc_column_inner][/vc_row_inner][/vc_column][/vc_row][vc_row][vc_column offset=&#8221;vc_hidden-lg vc_hidden-md vc_hidden-sm vc_hidden-xs&#8221;][vc_row_inner el_class=&#8221;main&#8221;][vc_column_inner width=&#8221;1/4&#8243;][vc_custom_heading text=&#8221;Membresías&#8221; use_theme_fonts=&#8221;yes&#8221;][/vc_column_inner][vc_column_inner width=&#8221;3/4&#8243;][vc_column_text]</p>
<ul>
<li>International Bar Association</li>
<li>American Society of International Law</li>
<li>Institute for Transnational Arbitration</li>
<li>American Bar Association</li>
<li>Foro del Arbitraje Ecuador www.arbitrajeecuador.com</li>
</ul>
<p>[/vc_column_text][/vc_column_inner][/vc_row_inner][/vc_column][/vc_row]</p>
</div>

<p>[vc_row el_class=&#8221;page_head&#8221;][vc_column][vc_row_inner el_class=&#8221;main&#8221;][vc_column_inner][vc_custom_heading text=&#8221;Professionals&#8221; font_container=&#8221;tag:h1|text_align:center|color:%23ffffff&#8221; use_theme_fonts=&#8221;yes&#8221;][/vc_column_inner][/vc_row_inner][vc_raw_html]JTVCQnJlYWRjcnVtYiU1RA==[/vc_raw_html][/vc_column][/vc_row][vc_row el_class=&#8221;main&#8221; css=&#8221;.vc_custom_1526257036926{padding-top: 30px !important;padding-bottom: 30px !important;}&#8221;][vc_column width=&#8221;1/4&#8243;][vc_single_image image=&#8221;4050&#8243; img_size=&#8221;full&#8221; el_class=&#8221;profile&#8221;][/vc_column][vc_column width=&#8221;3/4&#8243;][vc_custom_heading text=&#8221;Alice Gralhien&#8221; use_theme_fonts=&#8221;yes&#8221;][vc_row_inner][vc_column_inner width=&#8221;1/3&#8243;][vc_single_image image=&#8221;91&#8243; img_size=&#8221;full&#8221; el_class=&#8221;ic_small&#8221;][vc_column_text]+593 229 28249 (EC)[/vc_column_text][/vc_column_inner][vc_column_inner el_class=&#8221;profile_data&#8221; width=&#8221;1/3&#8243;][vc_single_image image=&#8221;89&#8243; img_size=&#8221;full&#8221; el_class=&#8221;ic_small&#8221;][vc_column_text]agralhien@laudenlaw.com[/vc_column_text][/vc_column_inner][vc_column_inner el_class=&#8221;profile_data&#8221; width=&#8221;1/3&#8243; offset=&#8221;vc_hidden-lg vc_hidden-md vc_hidden-sm vc_hidden-xs&#8221;][vc_single_image image=&#8221;91&#8243; img_size=&#8221;full&#8221; el_class=&#8221;ic_small&#8221;][vc_column_text]+593 9823 42880 (EC)[/vc_column_text][/vc_column_inner][/vc_row_inner][vc_column_text]Alice concentrates her practice on the protection of personal data. As a certified international&#8230; <a href="https://laudenlaw.com/en/people/alice-gralhien/" class="more">Ver más</a></p>
